80 is divided by 12.
4
Calculate the remainder when 9217 is divided by 2300.
17
What is the remainder when 3157 is divided by 33?
22
What is the remainder when 9553 is divided by 15?
13
Calculate the remainder when 100 is divided by 17.
15
What is the remainder when 147 is divided by 139?
8
What is the remainder when 395 is divided by 31?
23
Calculate the remainder when 4908 is divided by 8.
4
Calculate the remainder when 131314 is divided by 186.
184
What is the remainder when 8275 is divided by 15?
10
Calculate the remainder when 591 is divided by 193.
12
Calculate the remainder when 408 is divided by 86.
64
Calculate the remainder when 141 is divided by 11.
9
Calculate the remainder when 1061 is divided by 118.
117
Calculate the remainder when 2405 is divided by 43.
40
What is the remainder when 88 is divided by 32?
24
Calculate the remainder when 866 is divided by 14.
12
Calculate the remainder when 255 is divided by 33.
24
What is the remainder when 147 is divided by 5?
2
What is the remainder when 347 is divided by 14?
11
What is the remainder when 824 is divided by 814?
10
What is the remainder when 374 is divided by 3?
2
What is the remainder when 166 is divided by 62?
42
Calculate the remainder when 76 is divided by 26.
24
Calculate the remainder when 184 is divided by 52.
28
Calculate the remainder when 3857 is divided by 483.
476
Calculate the remainder when 249 is divided by 51.
45
Calculate the remainder when 82 is divided by 3.
1
Calculate the remainder when 110 is divided by 74.
36
Calculate the remainder when 37 is divided by 24.
13
Calculate the remainder when 229 is divided by 9.
4
Calculate the remainder when 440 is divided by 49.
48
What is the remainder when 709 is divided by 35?
9
Calculate the remainder when 69 is divided by 19.
12
What is the remainder when 1802 is divided by 43?
39
What is the remainder when 319 is divided by 110?
99
What is the remainder when 6 is divided by 5?
1
Calculate the remainder when 58 is divided by 30.
28
Calculate the remainder when 21448 is divided by 30.
28
What is the remainder when 571 is divided by 72?
67
What is the remainder when 618 is divided by 18?
6
What is the remainder when 1184 is divided by 54?
50
Calculate the remainder when 1066 is divided by 55.
21
Calculate the remainder when 109 is divided by 18.
1
What is the remainder when 665 is divided by 18?
17
What is the remainder when 207 is divided by 42?
39
Calculate the remainder when 222 is divided by 45.
42
What is the remainder when 186 is divided by 97?
89
What is the remainder when 40 is divided by 22?
18
What is the remainder when 234 is divided by 78?
0
Calculate the remainder when 127 is divided by 74.
53
Calculate the remainder when 2895 is divided by 126.
123
Calculate the remainder when 169 is divided by 37.
21
Calculate the remainder when 500 is divided by 322.
178
Calculate the remainder when 16079 is divided by 60.
59
What is the remainder when 6439 is divided by 10?
9
Calculate the remainder when 190 is divided by 12.
10
Calculate the remainder when 66 is divided by 37.
29
Calculate the remainder when 95 is divided by 25.
20
What is the remainder when 57 is divided by 6?
3
What is the remainder when 451 is divided by 40?
11
What is the remainder when 964 is divided by 139?
130
Calculate the remainder when 962 is divided by 4.
2
What is the remainder when 204 is divided by 72?
60
What is the remainder when 1457 is divided by 350?
57
Calculate the remainder when 430 is divided by 27.
25
Calculate the remainder when 173 is divided by 23.
12
What is the remainder when 162 is divided by 80?
2
Calculate the remainder when 229 is divided by 87.
55
Calculate the remainder when 2786 is divided by 30.
26
What is the remainder when 939 is divided by 270?
129
What is the remainder when 112 is divided by 48?
16
What is the remainder when 25242 is divided by 15?
12
Calculate the remainder when 672 is divided by 50.
22
Calculate the remainder when 1146 is divided by 28.
26
What is the remainder when 1703 is divided by 24?
23
What is the remainder when 44 is divided by 22?
0
What is the remainder when 74458 is divided by 19?
16
Calculate the remainder when 3005 is divided by 16.
13
What is the remainder when 100 is divided by 13?
9
Calculate the remainder when 103 is divided by 12.
7
What is the remainder when 4159 is divided by 208?
207
Calculate the remainder when 721 is divided by 25.
21
What is the remainder when 243 is divided by 51?
39
What is the remainder when 151 is divided by 31?
27
What is the remainder when 957 is divided by 152?
45
What is the remainder when 543 is divided by 2?
1
What is the remainder when 1138 is divided by 60?
58
What is the remainder when 1889 is divided by 61?
59
What is the remainder when 1840 is divided by 114?
16
What is the remainder when 422 is divided by 82?
12
Calculate the remainder when 68 is divided by 3.
2
Calculate the remainder when 325 is divided by 67.
57
Calculate the remainder when 269 is divided by 30.
29
What is the remainder when 780 is divided by 81?
51
What is the remainder when 934 is divided by 45?
34
What is the remainder when 528 is divided by 67?
59
What is the remainder when 376 is divided by 118?
22
What is the remainder when 613 is divided by 5?
3
Calculate the remainder when 174 is divided by 6.
0
Calculate the remainder when 1153 is divided by 5.
3
What is the remainder when 2135 is divided by 24?
23
Calculate the remainder when 198 is divided by 109.
89
Calculate the remainder when 443 is divided by 181.
81
Calculate the remainder when 423 is divided by 23.
9
Calculate the remainder when 3748 is divided by 30.
28
What is the remainder when 1931 is divided by 14?
13
What is the remainder when 8 is divided by 6?
2
What is the remainder when 888 is divided by 133?
90
Calculate the remainder when 2522 is divided by 364.
338
Calculate the remainder when 560 is divided by 84.
56
What is the remainder when 114 is divided by 9?
6
Calculate the remainder when 574 is divided by 49.
35
Calculate the remainder when 317 is divided by 111.
95
Calculate the remainder when 124 is divided by 17.
5
What is the remainder when 298 is divided by 13?
12
Calculate the remainder when 4754 is divided by 298.
284
What is the remainder when 185 is divided by 88?
9
Calculate the remainder when 259 is divided by 29.
27
Calculate the remainder when 257 is divided by 88.
81
Calculate the remainder when 1449 is divided by 121.
118
What is the remainder when 275 is divided by 70?
65
What is the remainder when 411 is divided by 46?
43
What is the remainder when 71 is divided by 14?
1
What is the remainder when 4676 is divided by 36?
32
Calculate the remainder when 54 is divided by 53.
1
What is the remainder when 5875 is divided by 13?
12
What is the remainder when 698 is divided by 340?
18
What is the remainder when 348 is divided by 112?
12
What is the remainder when 1360 is divided by 98?
86
Calculate the remainder when 296 is divided by 33.
32
Calculate the remainder when 5484 is divided by 1826.
6
Calculate the remainder when 125 is divided by 14.
13
What is the remainder when 215 is divided by 17?
11
Calculate the remainder when 22056 is divided by 387.
384
Calculate the remainder when 32 is divided by 8.
0
What is the remainder when 597 is divided by 101?
92
What is the remainder when 3658 is divided by 111?
106
Calculate the remainder when 596 is divided by 40.
36
Calculate the remainder when 109 is divided by 8.
5
What is the remainder when 2547 is divided by 150?
147
What is the remainder when 178 is divided by 84?
10
Calculate the remainder when 216 is divided by 46.
32
Calculate the remainder when 289 is divided by 30.
19
What is the remainder when 13916 is divided by 24?
20
What is the remainder when 1549 is divided by 49?
30
What is the remainder when 5 is divided by 4?
1
Calculate the remainder when 918 is divided by 44.
38
What is the remainder when 240 is divided by 66?
42
Calculate the remainder when 1639 is divided by 31.
27
What is the remainder when 612 is divided by 33?
18
Calculate the remainder when 1103 is divided by 190.
153
What is the remainder when 334 is divided by 10?
4
Calculate the remainder when 21 is divided by 19.
2
What is the remainder when 24 is divid